{"id":98,"date":"2018-02-07T15:26:01","date_gmt":"2018-02-07T14:26:01","guid":{"rendered":"https:\/\/religion-politik.blogs.ruhr-uni-bochum.de\/?page_id=98"},"modified":"2018-02-07T15:26:01","modified_gmt":"2018-02-07T14:26:01","slug":"impressum","status":"publish","type":"page","link":"https:\/\/religion-politik.blogs.ruhr-uni-bochum.de\/?page_id=98","title":{"rendered":"Impressum"},"content":{"rendered":"<p>Der vorliegende Blog ist auf dem Blog-Server der Ruhr-Universit\u00e4t Bochum eingerichtet.<\/p>\n<p>Die Verantwortlichkeiten und relevanten Adressen f\u00fcr den zentralen Blog-Server sind im Impressum des Blog-Servers genannt.<\/p>\n<p>Meldungen \u00fcber missbr\u00e4uchliche Nutzungen, die von Stationen aus dem IP-Namensbereich ruhr-uni-bochum.de ausgehen, senden Sie bitte an die Email-Adresse\u00a0<a href=\"mailto:abuse@ruhr-uni-bochum.de\">abuse@ruhr-uni-bochum.de<\/a><\/p>\n<p>Der vorliegende Blog unterliegt der inhaltlichen Verantwortung von Rebekka Scheler rebekka.scheler@rub.de<\/p>\n","protected":false},"excerpt":{"rendered":"<p>Der vorliegende Blog ist auf dem Blog-Server der Ruhr-Universit\u00e4t Bochum eingerichtet. Die Verantwortlichkeiten und relevanten Adressen f\u00fcr den zentralen Blog-Server sind im Impressum des Blog-Servers genannt. Meldungen \u00fcber missbr\u00e4uchliche Nutzungen, die von Stationen aus dem IP-Namensbereich ruhr-uni-bochum.de ausgehen, senden Sie bitte an die Email-Adresse\u00a0abuse@ruhr-uni-bochum.de Der vorliegende Blog unterliegt der inhaltlichen Verantwortung von Rebekka Scheler rebekka.scheler@rub.de<\/p>\n","protected":false},"author":7,"featured_media":0,"parent":0,"menu_order":0,"comment_status":"closed","ping_status":"closed","template":"","meta":{"footnotes":""},"class_list":["post-98","page","type-page","status-publish","hentry"],"_links":{"self":[{"href":"https:\/\/religion-politik.blogs.ruhr-uni-bochum.de\/index.php?rest_route=\/wp\/v2\/pages\/98","targetHints":{"allow":["GET"]}}],"collection":[{"href":"https:\/\/religion-politik.blogs.ruhr-uni-bochum.de\/index.php?rest_route=\/wp\/v2\/pages"}],"about":[{"href":"https:\/\/religion-politik.blogs.ruhr-uni-bochum.de\/index.php?rest_route=\/wp\/v2\/types\/page"}],"author":[{"embeddable":true,"href":"https:\/\/religion-politik.blogs.ruhr-uni-bochum.de\/index.php?rest_route=\/wp\/v2\/users\/7"}],"replies":[{"embeddable":true,"href":"https:\/\/religion-politik.blogs.ruhr-uni-bochum.de\/index.php?rest_route=%2Fwp%2Fv2%2Fcomments&post=98"}],"version-history":[{"count":2,"href":"https:\/\/religion-politik.blogs.ruhr-uni-bochum.de\/index.php?rest_route=\/wp\/v2\/pages\/98\/revisions"}],"predecessor-version":[{"id":100,"href":"https:\/\/religion-politik.blogs.ruhr-uni-bochum.de\/index.php?rest_route=\/wp\/v2\/pages\/98\/revisions\/100"}],"wp:attachment":[{"href":"https:\/\/religion-politik.blogs.ruhr-uni-bochum.de\/index.php?rest_route=%2Fwp%2Fv2%2Fmedia&parent=98"}],"curies":[{"name":"wp","href":"https:\/\/api.w.org\/{rel}","templated":true}]}}